is the highest common divisor of k and 720?
30
Suppose 432 - 442 = -2*c. Let w be 1 - (2 + -1 - 5). What is the greatest common factor of w and c?
5
Let v(s) = -s**3 - 14*s**2 - 12*s + 20. Let l be v(-13). What is the highest common divisor of 119 and l?
7
Suppose -10 = 5*l, -3*k - 3*l - 71 = -4*k. What is the greatest common divisor of k and 5?
5
Let h be -3 - (-4 + (-4)/((-12)/(-9))). Suppose 2*z + 3*z = 4*t + 74, h*t - 52 = -4*z. What is the greatest common divisor of 35 and z?
7
Let h(o) = -87 - 66 + 3*o + 166. Let f be h(-3). What is the highest common factor of 1 and f?
1
Suppose -2*w + 0 + 0 = 0. Suppose 3*x - 4*s - 14 = 2, w = 2*x - 3*s - 10. What is the greatest common divisor of x and 16?
8
Let d be (184/(-6))/((-50)/75). Calculate the greatest common divisor of d and 437.
23
Suppose 1624 + 896 = 9*m. Suppose -z + 8*z = m. Calculate the highest common factor of 10 and z.
10
Let z(m) be the second derivative of -14*m**3 + m**2/2 + 18*m. Let u be z(-3). What is the highest common divisor of u and 11?
11
Suppose -39*q - 879 = -2868. Calculate the highest common factor of q and 85.
17
Let t be (708/(-54)*3)/((-4)/(-6)). Let p = t - -88. What is the highest common divisor of 116 and p?
29
Let l = 560 + -536. Calculate the greatest common divisor of l and 114.
6
Suppose 3*s + 2*s = 180. Let q be (s/8)/9*2. What is the greatest common divisor of q and 11?
1
Suppose 4*b + 2 + 18 = 0. Let z be (3 - 2) + b + 7. Let x = 26 - 20. Calculate the greatest common divisor of z and x.
3
Let q = 119 - 110. Calculate the greatest common divisor of q and 6.
3
Suppose 0 = 5*w + 2*t - 888, 3*t = 87*w - 86*w - 164. Calculate the highest common factor of w and 4.
4
Suppose -2*b + 2*z - 5*z = -81, 0 = 4*b - 5*z - 217. Let y(o) = -o**3 - 19*o**2 + 40*o - 18. Let k be y(-21). Calculate the greatest common factor of k and b.
24
Suppose -5*l + 528 + 312 = 0. Let z(j) = 2*j**2 - 19*j + 36. Let u be z(8). What is the highest common factor of u and l?
12
Let q be (0 - 2) + 0/(-6). Let v = q - -10. Calculate the greatest common factor of 88 and v.
8
Let i = -22 + 22. Suppose -8*h + 120 + 0 = i. What is the greatest common factor of 75 and h?
15
Let k(g) = 4*g**2 + 4*g - 4. Let b(i) = i**3 + 5*i**2 + 6*i + 2. Let d be b(-3). Let m be k(d). Calculate the greatest common divisor of 20 and m.
20
Let w = -78 + 124. Suppose 3*f = -2*d - 0*d + w, -d - 43 = -4*f. Calculate the highest common factor of f and 4.
4
Let p = 408 - 336. What is the highest common divisor of p and 468?
36
Let f = 664 - 264. Calculate the highest common factor of 16 and f.
16
Let r = -5 + 8. Suppose r*j - 20 = -2. Let z be (-7 - 7)*528/(-112). What is the highest common divisor of j and z?
6
Let z be -18 + (6 - -12) + 189 + 0. What is the greatest common factor of 90 and z?
9
Let f be ((-6)/24 - (-6)/(-8)) + 23. Suppose 4*r - 24 = 4*o, 0 = r - 4*r - o + f. What is the greatest common divisor of 35 and r?
7
Let d = 374 - 330. Let t(h) = h**3 - 6*h**2 + 3*h + 2. Let m be t(8). Calculate the highest common divisor of d and m.
22
Let s = -84 + 116. What is the highest common factor of 64 and s?
32
Let r = 1646 - 73. Calculate the greatest common divisor of 11 and r.
11
Let f(z) = -2 + 29*z**3 - z**2 - 10*z**3 + 13*z - 10*z. Let s be f(1). Calculate the greatest common factor of 19 and s.
19
Suppose 42 - 30 = 4*x. Let q be (-2 + 1 - 1) + 35. Calculate the greatest common divisor of q and x.
3
Let x be ((-8)/8)/(2/(-10)). Let l be (-96)/(-20)*x*1. Suppose 0 = 5*i + 2*j - 1090, -4*j + 7*j = -i + 231. What is the greatest common divisor of l and i?
24
Let j be 10/4*2 - 2. Suppose -j*z = -3, 4*q - 5*z + 6*z = -47. Let l be q*6/((-6)/3). Calculate the highest common factor of l and 12.
12
Suppose -2*n + 0*n - 4*k = -74, 0 = n - 4*k - 19. Let y = 130 - n. Let p = 7 + 4. Calculate the highest common divisor of p and y.
11
Suppose -161 = 4*d - 169. Let y be 4 - (0 - 2/(-1)). Suppose -2*s + y*o = 5*o - 14, -o = -s - 3. What is the highest common factor of s and d?
1
Let z = 8 - 4. Let s be (-41)/(-5) + (-2)/10. Suppose -2*b = 5*t + s - 54, 4*b = t + 4. Calculate the greatest common factor of z and t.
4
Let l = 44 + -23. Suppose -6*j + 5590 = 4*j. Let d = j - 391. What is the highest common factor of l and d?
21
Let a be (8/20)/((-1)/(-10)). Suppose -a*v = -0*j - 3*j - 205, -4*v - 5*j = -213. Let w be (-10)/15 + v/6. What is the highest common factor of 88 and w?
8
Let t be (-18)/(-1) + 6 + -8. Suppose -5*o + 84 = -t. Suppose -3*n = -4*a + 7, 10*a = 11*a - 3*n + 5. What is the greatest common factor of o and a?
4
Let y(h) = -3*h**3 + 7*h**2 + 11*h + 17. Let g be y(-3). What is the greatest common factor of 8 and g?
8
Suppose -2*d + 22 = f, 2*f + 14*d = 13*d + 29. What is the greatest common factor of 312 and f?
12
Suppose -2*h = -6*h + 2*c + 292, 290 = 4*h - 3*c. Suppose 3*k = h + 61. What is the greatest common divisor of k and 30?
15
Suppose -2248 = -2*i - 4*n, 1985 = 3*i + 2*n - 1407. Calculate the highest common divisor of 42 and i.
42
Let j be (30/(-9))/((-1)/(-3)). Let o be (76/j - -2)*-5. Suppose -o = -4*x - 0. What is the highest common divisor of x and 42?
7
Let f(b) = -3*b. Let p be f(-3). Let n(i) = i**2 + 42*i - 40. Let t be n(1). What is the highest common factor of p and t?
3
Let v be 16/(-6)*27/(-6). Let z be 3/2*28/14. What is the greatest common factor of v and z?
3
Suppose -o - 5 = 5*u, -3*o + 15 - 2 = u. Let b be (-610)/25*(-7 - u). Suppose -i + 30 = -b. What is the greatest common divisor of i and 19?
19
Let b be 8/(8/15) + -4. Suppose o + b = 2*g + 4, 3*g = 3*o + 6. What is the greatest common divisor of 5 and g?
5
Let c be 4 - -32 - -2 - -1. Suppose -8*y = -2348 - 460. What is the greatest common divisor of c and y?
39
Let u(x) = 5*x**2 + 5*x - 7. Let i be u(3). What is the highest common divisor of i and 106?
53
Let h = 174 - 169. Calculate the greatest common factor of h and 10.
5
Suppose -3*u + w + 239 = 58, 3*u + w - 179 = 0. Calculate the highest common factor of 750 and u.
30
Let s = -5 + 13. Let w(a) = -a**3 + 10*a**2 - 10*a + 20. Let q be w(s). What is the greatest common divisor of 170 and q?
34
Let j(w) = 12*w**2 + 2*w - 1. Let p be j(-2). Suppose 67 + p = 5*t. Calculate the greatest common divisor of t and 88.
22
Let v(w) = -70*w - 100. Let l be v(-2). Calculate the greatest common factor of 1180 and l.
20
Let j(k) = 9 + 57*k + 49*k - 100*k. Let p be j(8). Calculate the highest common factor of 19 and p.
19
Let g = -2044 - -2169. Calculate the greatest common divisor of g and 2000.
125
Let c = 8 + -4. Let m be 1*c/6*51. What is the greatest common factor of m and 238?
34
Suppose 764 = 9*c - 226. Let p be 2/(72/366) + 1/(-6). Calculate the greatest common divisor of p and c.
10
Let c(u) = 77*u**3 + 3*u - 3. Let w be (28/(-12) + 2)*-9 + -2. Let p be c(w). What is the greatest common divisor of 11 and p?
11
Suppose 5*x + 80 = 5*r, -x - 3*r + r - 19 = 0. Let s = x - -23. Let d(c) = -c**2 + 7*c - 3. Let a be d(6). Calculate the greatest common factor of s and a.
3
Let d(c) = -2*c**3 - 17*c**2 - 28*c - 13. Let j be d(-10). What is the greatest common factor of j and 243?
81
Let a be 349 + -4 + 10 + -1 + -2. Calculate the greatest common factor of a and 616.
88
Suppose -6*k + 14 + 34 = 0. What is the highest common divisor of k and 16?
8
Suppose 2*z - 6*z + 900 = 0. Let o(v) = 2*v**2 - 7*v - 6. Let b be o(6). Let t = 1 + b. Calculate the greatest common divisor of z and t.
25
Let v(m) be the first derivative of 45*m**2/2 + 1. Let a be v(1). Suppose 23*s = 129 - 14. What is the greatest common divisor of a and s?
5
Let f(o) = o**2 - 5*o - 17. Let u be f(18). Calculate the highest common divisor of u and 124.
31
Let t = 225 - 101. Calculate the greatest common divisor of t and 31.
31
Suppose -7 = -5*l + 3. Let f = -504 + 513. Suppose l*w = w + f. What is the greatest common divisor of w and 3?
3
Let g = -928 + 1228. What is the greatest common factor of 24 and g?
12
Suppose -56 = 3*u - u - 2*o, 5*o = 0. Let l be (4/(-6))/((-6)/63). Let v be 7/(u/8) + l. Calculate the highest common divisor of 35 and v.
5
Suppose 17 = -3*b - 31. Let y = b - -33. Let n be (-1)/(2/34*-1). What is the highest common divisor of y and n?
17
Let z(q) = q**3 + q**2 - 3*q - 2. Suppose 0 = -3*c + 5*c + 4. Let f 